{"id":850,"date":"2021-03-16T14:19:14","date_gmt":"2021-03-16T17:19:14","guid":{"rendered":"https:\/\/quaritere.com.br\/site2021\/?page_id=850"},"modified":"2021-03-16T14:24:28","modified_gmt":"2021-03-16T17:24:28","slug":"chico-rei-entre-nos","status":"publish","type":"page","link":"https:\/\/quaritere.com.br\/site\/afrocine\/chico-rei-entre-nos\/","title":{"rendered":"Chico Rei Entre N\u00f3s"},"content":{"rendered":"<div class=\"wpb-content-wrapper\"><p>[vc_row][vc_column width=&#8221;2\/3&#8243;][vc_column_text]<\/p>\n<p style=\"text-align: left;\"><strong>Assista ao filme &#8220;Chico Rei Entre N\u00f3s&#8221; da Sess\u00e3o Afrocine 2021:<\/strong><\/p>\n<p><iframe loading=\"lazy\" title=\"3 - Chico Rei Entre N\u00f3s\" width=\"1100\" height=\"619\" src=\"https:\/\/www.youtube.com\/embed\/ujfpK4mdRw8?feature=oembed\" frameborder=\"0\" allow=\"accelerometer; autoplay; clipboard-write; encrypted-media; gyroscope; picture-in-picture\" allowfullscreen><\/iframe><\/p>\n<p><strong>Chico Rei Entre N\u00f3s<\/strong><br \/>\nDire\u00e7\u00e3o de Joyce Prado.<br \/>\nDocument\u00e1rio, 2020, 95 min.<\/p>\n<p><strong>Sinopse:<\/strong> Chico Rei foi um rei congol\u00eas escravizado que lutou pela liberdade \u2013 a sua e a de seu povo \u2013 durante o Ciclo do Ouro em Minas Gerais. A hist\u00f3ria desse personagem \u00e9 o ponto de partida para explorar os diversos ecos da escravid\u00e3o brasileira na vida dos negros de hoje, entendendo seu movimento de autoafirma\u00e7\u00e3o e liberdade a partir de uma perspectiva coletiva.[\/vc_column_text][\/vc_column][vc_column width=&#8221;1\/3&#8243;][vc_single_image image=&#8221;806&#8243; img_size=&#8221;&#8221; onclick=&#8221;img_link_large&#8221; img_link_target=&#8221;_blank&#8221;][vc_empty_space height=&#8221;20px&#8221;][vc_single_image image=&#8221;851&#8243; img_size=&#8221;&#8221; onclick=&#8221;img_link_large&#8221; img_link_target=&#8221;_blank&#8221;][\/vc_column][\/vc_row][vc_row][vc_column][vc_empty_space][vc_single_image image=&#8221;769&#8243; img_size=&#8221;900&#215;139&#8243; alignment=&#8221;center&#8221;][\/vc_column][\/vc_row]<\/p>\n<\/div>","protected":false},"excerpt":{"rendered":"<p>[vc_row][vc_column width=&#8221;2\/3&#8243;][vc_column_text] Assista ao filme &#8220;Chico Rei Entre N\u00f3s&#8221; da Sess\u00e3o Afrocine 2021: Chico Rei Entre N\u00f3s Dire\u00e7\u00e3o de Joyce Prado. Document\u00e1rio, 2020, 95 min. Sinopse: Chico Rei foi um rei congol\u00eas escravizado que lutou pela liberdade \u2013 a sua [&hellip;]<\/p>\n","protected":false},"author":1,"featured_media":806,"parent":744,"menu_order":0,"comment_status":"closed","ping_status":"closed","template":"","meta":{"footnotes":""},"class_list":["post-850","page","type-page","status-publish","has-post-thumbnail","hentry"],"yoast_head":"<!-- This site is optimized with the Yoast SEO plugin v26.9 - https:\/\/yoast.com\/product\/yoast-seo-wordpress\/ -->\n<title>Chico Rei Entre N\u00f3s - Aquilombamento Audiovisual Quariter\u00ea<\/title>\n<meta name=\"robots\" content=\"index, follow, max-snippet:-1, max-image-preview:large, max-video-preview:-1\" \/>\n<link rel=\"canonical\" href=\"https:\/\/quaritere.com.br\/site\/afrocine\/chico-rei-entre-nos\/\" \/>\n<meta property=\"og:locale\" content=\"pt_BR\" \/>\n<meta property=\"og:type\" content=\"article\" \/>\n<meta property=\"og:title\" content=\"Chico Rei Entre N\u00f3s - Aquilombamento Audiovisual Quariter\u00ea\" \/>\n<meta property=\"og:description\" content=\"[vc_row][vc_column width=&#8221;2\/3&#8243;][vc_column_text] Assista ao filme &#8220;Chico Rei Entre N\u00f3s&#8221; da Sess\u00e3o Afrocine 2021: Chico Rei Entre N\u00f3s Dire\u00e7\u00e3o de Joyce Prado. Document\u00e1rio, 2020, 95 min. Sinopse: Chico Rei foi um rei congol\u00eas escravizado que lutou pela liberdade \u2013 a sua [&hellip;]\" \/>\n<meta property=\"og:url\" content=\"https:\/\/quaritere.com.br\/site\/afrocine\/chico-rei-entre-nos\/\" \/>\n<meta property=\"og:site_name\" content=\"Aquilombamento Audiovisual Quariter\u00ea\" \/>\n<meta property=\"article:modified_time\" content=\"2021-03-16T17:24:28+00:00\" \/>\n<meta property=\"og:image\" content=\"https:\/\/quaritere.com.br\/site\/wp-content\/uploads\/2021\/03\/Filme-Sessao-Afrocine-Quaritere-Chico-Rei-Entre-Nos.jpeg\" \/>\n\t<meta property=\"og:image:width\" content=\"1080\" \/>\n\t<meta property=\"og:image:height\" content=\"1080\" \/>\n\t<meta property=\"og:image:type\" content=\"image\/jpeg\" \/>\n<meta name=\"twitter:card\" content=\"summary_large_image\" \/>\n<meta name=\"twitter:label1\" content=\"Est. tempo de leitura\" \/>\n\t<meta name=\"twitter:data1\" content=\"1 minuto\" \/>\n<script type=\"application\/ld+json\" class=\"yoast-schema-graph\">{\"@context\":\"https:\/\/schema.org\",\"@graph\":[{\"@type\":\"WebPage\",\"@id\":\"https:\/\/quaritere.com.br\/site\/afrocine\/chico-rei-entre-nos\/\",\"url\":\"https:\/\/quaritere.com.br\/site\/afrocine\/chico-rei-entre-nos\/\",\"name\":\"Chico Rei Entre N\u00f3s - Aquilombamento Audiovisual Quariter\u00ea\",\"isPartOf\":{\"@id\":\"https:\/\/quaritere.com.br\/site\/#website\"},\"primaryImageOfPage\":{\"@id\":\"https:\/\/quaritere.com.br\/site\/afrocine\/chico-rei-entre-nos\/#primaryimage\"},\"image\":{\"@id\":\"https:\/\/quaritere.com.br\/site\/afrocine\/chico-rei-entre-nos\/#primaryimage\"},\"thumbnailUrl\":\"https:\/\/quaritere.com.br\/site\/wp-content\/uploads\/2021\/03\/Filme-Sessao-Afrocine-Quaritere-Chico-Rei-Entre-Nos.jpeg\",\"datePublished\":\"2021-03-16T17:19:14+00:00\",\"dateModified\":\"2021-03-16T17:24:28+00:00\",\"breadcrumb\":{\"@id\":\"https:\/\/quaritere.com.br\/site\/afrocine\/chico-rei-entre-nos\/#breadcrumb\"},\"inLanguage\":\"pt-BR\",\"potentialAction\":[{\"@type\":\"ReadAction\",\"target\":[\"https:\/\/quaritere.com.br\/site\/afrocine\/chico-rei-entre-nos\/\"]}]},{\"@type\":\"ImageObject\",\"inLanguage\":\"pt-BR\",\"@id\":\"https:\/\/quaritere.com.br\/site\/afrocine\/chico-rei-entre-nos\/#primaryimage\",\"url\":\"https:\/\/quaritere.com.br\/site\/wp-content\/uploads\/2021\/03\/Filme-Sessao-Afrocine-Quaritere-Chico-Rei-Entre-Nos.jpeg\",\"contentUrl\":\"https:\/\/quaritere.com.br\/site\/wp-content\/uploads\/2021\/03\/Filme-Sessao-Afrocine-Quaritere-Chico-Rei-Entre-Nos.jpeg\",\"width\":1080,\"height\":1080},{\"@type\":\"BreadcrumbList\",\"@id\":\"https:\/\/quaritere.com.br\/site\/afrocine\/chico-rei-entre-nos\/#breadcrumb\",\"itemListElement\":[{\"@type\":\"ListItem\",\"position\":1,\"name\":\"In\u00edcio\",\"item\":\"https:\/\/quaritere.com.br\/site\/\"},{\"@type\":\"ListItem\",\"position\":2,\"name\":\"Sess\u00e3o Afrocine\",\"item\":\"https:\/\/quaritere.com.br\/site\/afrocine\/\"},{\"@type\":\"ListItem\",\"position\":3,\"name\":\"Chico Rei Entre N\u00f3s\"}]},{\"@type\":\"WebSite\",\"@id\":\"https:\/\/quaritere.com.br\/site\/#website\",\"url\":\"https:\/\/quaritere.com.br\/site\/\",\"name\":\"Aquilombamento Audiovisual Quariter\u00ea\",\"description\":\"Site Oficial\",\"potentialAction\":[{\"@type\":\"SearchAction\",\"target\":{\"@type\":\"EntryPoint\",\"urlTemplate\":\"https:\/\/quaritere.com.br\/site\/?s={search_term_string}\"},\"query-input\":{\"@type\":\"PropertyValueSpecification\",\"valueRequired\":true,\"valueName\":\"search_term_string\"}}],\"inLanguage\":\"pt-BR\"}]}<\/script>\n<!-- \/ Yoast SEO plugin. -->","yoast_head_json":{"title":"Chico Rei Entre N\u00f3s - Aquilombamento Audiovisual Quariter\u00ea","robots":{"index":"index","follow":"follow","max-snippet":"max-snippet:-1","max-image-preview":"max-image-preview:large","max-video-preview":"max-video-preview:-1"},"canonical":"https:\/\/quaritere.com.br\/site\/afrocine\/chico-rei-entre-nos\/","og_locale":"pt_BR","og_type":"article","og_title":"Chico Rei Entre N\u00f3s - Aquilombamento Audiovisual Quariter\u00ea","og_description":"[vc_row][vc_column width=&#8221;2\/3&#8243;][vc_column_text] Assista ao filme &#8220;Chico Rei Entre N\u00f3s&#8221; da Sess\u00e3o Afrocine 2021: Chico Rei Entre N\u00f3s Dire\u00e7\u00e3o de Joyce Prado. Document\u00e1rio, 2020, 95 min. Sinopse: Chico Rei foi um rei congol\u00eas escravizado que lutou pela liberdade \u2013 a sua [&hellip;]","og_url":"https:\/\/quaritere.com.br\/site\/afrocine\/chico-rei-entre-nos\/","og_site_name":"Aquilombamento Audiovisual Quariter\u00ea","article_modified_time":"2021-03-16T17:24:28+00:00","og_image":[{"width":1080,"height":1080,"url":"https:\/\/quaritere.com.br\/site\/wp-content\/uploads\/2021\/03\/Filme-Sessao-Afrocine-Quaritere-Chico-Rei-Entre-Nos.jpeg","type":"image\/jpeg"}],"twitter_card":"summary_large_image","twitter_misc":{"Est. tempo de leitura":"1 minuto"},"schema":{"@context":"https:\/\/schema.org","@graph":[{"@type":"WebPage","@id":"https:\/\/quaritere.com.br\/site\/afrocine\/chico-rei-entre-nos\/","url":"https:\/\/quaritere.com.br\/site\/afrocine\/chico-rei-entre-nos\/","name":"Chico Rei Entre N\u00f3s - Aquilombamento Audiovisual Quariter\u00ea","isPartOf":{"@id":"https:\/\/quaritere.com.br\/site\/#website"},"primaryImageOfPage":{"@id":"https:\/\/quaritere.com.br\/site\/afrocine\/chico-rei-entre-nos\/#primaryimage"},"image":{"@id":"https:\/\/quaritere.com.br\/site\/afrocine\/chico-rei-entre-nos\/#primaryimage"},"thumbnailUrl":"https:\/\/quaritere.com.br\/site\/wp-content\/uploads\/2021\/03\/Filme-Sessao-Afrocine-Quaritere-Chico-Rei-Entre-Nos.jpeg","datePublished":"2021-03-16T17:19:14+00:00","dateModified":"2021-03-16T17:24:28+00:00","breadcrumb":{"@id":"https:\/\/quaritere.com.br\/site\/afrocine\/chico-rei-entre-nos\/#breadcrumb"},"inLanguage":"pt-BR","potentialAction":[{"@type":"ReadAction","target":["https:\/\/quaritere.com.br\/site\/afrocine\/chico-rei-entre-nos\/"]}]},{"@type":"ImageObject","inLanguage":"pt-BR","@id":"https:\/\/quaritere.com.br\/site\/afrocine\/chico-rei-entre-nos\/#primaryimage","url":"https:\/\/quaritere.com.br\/site\/wp-content\/uploads\/2021\/03\/Filme-Sessao-Afrocine-Quaritere-Chico-Rei-Entre-Nos.jpeg","contentUrl":"https:\/\/quaritere.com.br\/site\/wp-content\/uploads\/2021\/03\/Filme-Sessao-Afrocine-Quaritere-Chico-Rei-Entre-Nos.jpeg","width":1080,"height":1080},{"@type":"BreadcrumbList","@id":"https:\/\/quaritere.com.br\/site\/afrocine\/chico-rei-entre-nos\/#breadcrumb","itemListElement":[{"@type":"ListItem","position":1,"name":"In\u00edcio","item":"https:\/\/quaritere.com.br\/site\/"},{"@type":"ListItem","position":2,"name":"Sess\u00e3o Afrocine","item":"https:\/\/quaritere.com.br\/site\/afrocine\/"},{"@type":"ListItem","position":3,"name":"Chico Rei Entre N\u00f3s"}]},{"@type":"WebSite","@id":"https:\/\/quaritere.com.br\/site\/#website","url":"https:\/\/quaritere.com.br\/site\/","name":"Aquilombamento Audiovisual Quariter\u00ea","description":"Site Oficial","potentialAction":[{"@type":"SearchAction","target":{"@type":"EntryPoint","urlTemplate":"https:\/\/quaritere.com.br\/site\/?s={search_term_string}"},"query-input":{"@type":"PropertyValueSpecification","valueRequired":true,"valueName":"search_term_string"}}],"inLanguage":"pt-BR"}]}},"_links":{"self":[{"href":"https:\/\/quaritere.com.br\/site\/wp-json\/wp\/v2\/pages\/850","targetHints":{"allow":["GET"]}}],"collection":[{"href":"https:\/\/quaritere.com.br\/site\/wp-json\/wp\/v2\/pages"}],"about":[{"href":"https:\/\/quaritere.com.br\/site\/wp-json\/wp\/v2\/types\/page"}],"author":[{"embeddable":true,"href":"https:\/\/quaritere.com.br\/site\/wp-json\/wp\/v2\/users\/1"}],"replies":[{"embeddable":true,"href":"https:\/\/quaritere.com.br\/site\/wp-json\/wp\/v2\/comments?post=850"}],"version-history":[{"count":2,"href":"https:\/\/quaritere.com.br\/site\/wp-json\/wp\/v2\/pages\/850\/revisions"}],"predecessor-version":[{"id":857,"href":"https:\/\/quaritere.com.br\/site\/wp-json\/wp\/v2\/pages\/850\/revisions\/857"}],"up":[{"embeddable":true,"href":"https:\/\/quaritere.com.br\/site\/wp-json\/wp\/v2\/pages\/744"}],"wp:featuredmedia":[{"embeddable":true,"href":"https:\/\/quaritere.com.br\/site\/wp-json\/wp\/v2\/media\/806"}],"wp:attachment":[{"href":"https:\/\/quaritere.com.br\/site\/wp-json\/wp\/v2\/media?parent=850"}],"curies":[{"name":"wp","href":"https:\/\/api.w.org\/{rel}","templated":true}]}}