{"id":639,"date":"2021-02-14T04:16:24","date_gmt":"2021-02-14T07:16:24","guid":{"rendered":"https:\/\/quaritere.com.br\/site2021\/?page_id=639"},"modified":"2026-03-13T14:48:41","modified_gmt":"2026-03-13T17:48:41","slug":"quaritere","status":"publish","type":"page","link":"https:\/\/quaritere.com.br\/site\/","title":{"rendered":"Quaritere"},"content":{"rendered":"<div class=\"wpb-content-wrapper\"><p>[vc_row css=&#8221;.vc_custom_1646804055669{margin-top: -40px !important;}&#8221;][vc_column]\n\t\t\t<!-- START Main home REVOLUTION SLIDER 6.3.1 --><p class=\"rs-p-wp-fix\"><\/p>\n\t\t\t<rs-module-wrap id=\"rev_slider_1_1_wrapper\" data-source=\"gallery\" style=\"background:transparent;padding:0;margin:0px auto;margin-top:0;margin-bottom:0;\">\n\t\t\t\t<rs-module id=\"rev_slider_1_1\" style=\"\" data-version=\"6.3.1\">\n\t\t\t\t\t<rs-slides>\n\t\t\t\t\t\t<rs-slide data-key=\"rs-24\" data-title=\"Slide\" data-duration=\"30000ms\" data-anim=\"ei:d;eo:d;s:1000;r:0;t:fade;sl:0;\">\n\t\t\t\t\t\t\t<img decoding=\"async\" src=\"\/\/quaritere.com.br\/site\/wp-content\/plugins\/revslider\/public\/assets\/assets\/transparent.png\" alt=\"Slide\" title=\"Quaritere\" class=\"rev-slidebg\" data-no-retina>\n<!--\n\t\t\t\t\t\t\t--><rs-layer\n\t\t\t\t\t\t\t\tid=\"slider-1-slide-24-layer-11\" \n\t\t\t\t\t\t\t\tclass=\"rs-layer-video intrinsic-ignore\"\n\t\t\t\t\t\t\t\tdata-type=\"video\"\n\t\t\t\t\t\t\t\tdata-rsp_ch=\"on\"\n\t\t\t\t\t\t\t\tdata-xy=\"x:c;y:m;\"\n\t\t\t\t\t\t\t\tdata-text=\"w:normal;s:20,11,7,4;l:0,14,9,6;\"\n\t\t\t\t\t\t\t\tdata-dim=\"w:100%;h:814px,466px,329px,202px;\"\n\t\t\t\t\t\t\t\tdata-video=\"vd:100;l:false;ptimer:false;\"\n\t\t\t\t\t\t\t\tdata-poster=\"\/\/\"\n\t\t\t\t\t\t\t\tdata-mp4=\"\/\/quaritere.com.br\/site\/wp-content\/uploads\/2026\/03\/MOSTRA-QUARITERE-DE-CINEMA_vinheta-SITE21.mp4\"\n\t\t\t\t\t\t\t\tdata-frame_1=\"sp:0;\"\n\t\t\t\t\t\t\t\tdata-frame_999=\"o:0;st:w;sR:29700;\"\n\t\t\t\t\t\t\t\tstyle=\"z-index:5;\"\n\t\t\t\t\t\t\t>\n\t\t\t\t\t\t\t<\/rs-layer><!--\n-->\t\t\t\t\t\t<\/rs-slide>\n\t\t\t\t\t\t<rs-slide data-key=\"rs-23\" data-title=\"Slide\" data-thumb=\"\/\/quaritere.com.br\/site\/wp-content\/uploads\/2026\/03\/1-FILMES_SELECIONADOS_1-150x150-50x100.png\" data-link=\"\/\/quaritere.com.br\/site\/8a-mostra-quaritere-de-cinema\/\" data-target=\"_self\" data-seoz=\"front\" data-duration=\"15000ms\" data-anim=\"ei:d;eo:d;s:1000;r:0;t:fade;sl:0;\">\n\t\t\t\t\t\t\t<img loading=\"lazy\" decoding=\"async\" src=\"\/\/quaritere.com.br\/site\/wp-content\/uploads\/2026\/03\/1-FILMES_SELECIONADOS_1-150x150.png\" title=\"FILMES_SELECIONADOS_1\" width=\"150\" height=\"150\" class=\"rev-slidebg\" data-no-retina>\n<!--\n\t\t\t\t\t\t\t--><rs-layer\n\t\t\t\t\t\t\t\tid=\"slider-1-slide-23-layer-10\" \n\t\t\t\t\t\t\t\tdata-type=\"image\"\n\t\t\t\t\t\t\t\tdata-rsp_ch=\"on\"\n\t\t\t\t\t\t\t\tdata-xy=\"x:c;xo:-32px,-18px,-12px,-7px;y:m;\"\n\t\t\t\t\t\t\t\tdata-text=\"w:normal;s:20,11,7,4;l:0,14,9,6;\"\n\t\t\t\t\t\t\t\tdata-dim=\"w:622px,356px,251px,154px;h:829px,474px,335px,206px;\"\n\t\t\t\t\t\t\t\tdata-frame_1=\"sp:0;\"\n\t\t\t\t\t\t\t\tdata-frame_999=\"o:0;st:w;sp:0;\"\n\t\t\t\t\t\t\t\tstyle=\"z-index:5;\"\n\t\t\t\t\t\t\t><img loading=\"lazy\" decoding=\"async\" src=\"\/\/quaritere.com.br\/site\/wp-content\/uploads\/2026\/03\/1-FILMES_SELECIONADOS_1.png\" width=\"1080\" height=\"1440\" data-no-retina> \n\t\t\t\t\t\t\t<\/rs-layer><!--\n-->\t\t\t\t\t\t<\/rs-slide>\n\t\t\t\t\t\t<rs-slide data-key=\"rs-25\" data-title=\"Slide\" data-thumb=\"\/\/quaritere.com.br\/site\/wp-content\/uploads\/2026\/03\/1-150x150-50x100.png\" data-link=\"\/\/quaritere.com.br\/site\/8a-mostra-quaritere-de-cinema\/\" data-target=\"_self\" data-seoz=\"front\" data-duration=\"15000ms\" data-anim=\"ei:d;eo:d;s:1000;r:0;t:fade;sl:0;\">\n\t\t\t\t\t\t\t<img loading=\"lazy\" decoding=\"async\" src=\"\/\/quaritere.com.br\/site\/wp-content\/uploads\/2026\/03\/1-150x150.png\" title=\"programacao\" width=\"150\" height=\"150\" class=\"rev-slidebg\" data-no-retina>\n<!--\n\t\t\t\t\t\t\t--><rs-layer\n\t\t\t\t\t\t\t\tid=\"slider-1-slide-25-layer-12\" \n\t\t\t\t\t\t\t\tdata-type=\"image\"\n\t\t\t\t\t\t\t\tdata-rsp_ch=\"on\"\n\t\t\t\t\t\t\t\tdata-xy=\"x:c;y:m;\"\n\t\t\t\t\t\t\t\tdata-text=\"w:normal;s:20,11,7,4;l:0,14,9,6;\"\n\t\t\t\t\t\t\t\tdata-dim=\"w:720px,412px,291px,179px;h:900px,515px,364px,224px;\"\n\t\t\t\t\t\t\t\tdata-frame_1=\"sp:0;\"\n\t\t\t\t\t\t\t\tdata-frame_999=\"o:0;st:w;sp:0;\"\n\t\t\t\t\t\t\t\tstyle=\"z-index:5;\"\n\t\t\t\t\t\t\t><img loading=\"lazy\" decoding=\"async\" src=\"\/\/quaritere.com.br\/site\/wp-content\/uploads\/2026\/03\/1.png\" width=\"720\" height=\"900\" data-no-retina> \n\t\t\t\t\t\t\t<\/rs-layer><!--\n-->\t\t\t\t\t\t<\/rs-slide>\n\t\t\t\t\t<\/rs-slides>\n\t\t\t\t\t<rs-static-layers><!--\n\t\t\t\t\t--><\/rs-static-layers>\n\t\t\t\t<\/rs-module>\n\t\t\t\t<script type=\"text\/javascript\">\n\t\t\t\t\tsetREVStartSize({c: 'rev_slider_1_1',rl:[1240,1024,778,480],el:[815,550,610,630],gw:[1920,1100,778,480],gh:[815,550,610,630],type:'standard',justify:'',layout:'fullwidth',mh:\"0\"});\n\t\t\t\t\tvar\trevapi1,\n\t\t\t\t\t\ttpj;\n\t\t\t\t\tfunction revinit_revslider11() {\n\t\t\t\t\tjQuery(function() {\n\t\t\t\t\t\ttpj = jQuery;\n\t\t\t\t\t\trevapi1 = tpj(\"#rev_slider_1_1\");\n\t\t\t\t\t\tif(revapi1==undefined || revapi1.revolution == undefined){\n\t\t\t\t\t\t\trevslider_showDoubleJqueryError(\"rev_slider_1_1\");\n\t\t\t\t\t\t}else{\n\t\t\t\t\t\t\trevapi1.revolution({\n\t\t\t\t\t\t\t\tsliderLayout:\"fullwidth\",\n\t\t\t\t\t\t\t\tduration:\"3000ms\",\n\t\t\t\t\t\t\t\tvisibilityLevels:\"1240,1024,778,480\",\n\t\t\t\t\t\t\t\tgridwidth:\"1920,1100,778,480\",\n\t\t\t\t\t\t\t\tgridheight:\"815,550,610,630\",\n\t\t\t\t\t\t\t\tperspective:600,\n\t\t\t\t\t\t\t\tperspectiveType:\"local\",\n\t\t\t\t\t\t\t\teditorheight:\"815,550,610,630\",\n\t\t\t\t\t\t\t\tresponsiveLevels:\"1240,1024,778,480\",\n\t\t\t\t\t\t\t\tprogressBar:{disableProgressBar:true},\n\t\t\t\t\t\t\t\tnavigation: {\n\t\t\t\t\t\t\t\t\twheelCallDelay:1000,\n\t\t\t\t\t\t\t\t\tonHoverStop:false,\n\t\t\t\t\t\t\t\t\tbullets: {\n\t\t\t\t\t\t\t\t\t\tenable:true,\n\t\t\t\t\t\t\t\t\t\ttmp:\"<span><\/span>\",\n\t\t\t\t\t\t\t\t\t\tstyle:\"leitmotif\",\n\t\t\t\t\t\t\t\t\t\tspace:54\n\t\t\t\t\t\t\t\t\t}\n\t\t\t\t\t\t\t\t},\n\t\t\t\t\t\t\t\tfallbacks: {\n\t\t\t\t\t\t\t\t\tallowHTML5AutoPlayOnAndroid:true\n\t\t\t\t\t\t\t\t},\n\t\t\t\t\t\t\t});\n\t\t\t\t\t\t}\n\t\t\t\t\t\t\n\t\t\t\t\t});\n\t\t\t\t\t} \/\/ End of RevInitScript\n\t\t\t\tvar once_revslider11 = false;\n\t\t\t\tif (document.readyState === \"loading\") {document.addEventListener('readystatechange',function() { if((document.readyState === \"interactive\" || document.readyState === \"complete\") && !once_revslider11 ) { once_revslider11 = true; revinit_revslider11();}});} else {once_revslider11 = true; revinit_revslider11();}\n\t\t\t\t<\/script>\n\t\t\t\t<script>\n\t\t\t\t\tvar htmlDivCss = unescape(\".leitmotif.tp-bullets%20%7B%0A%20%20%20%20margin%3A%2020px%20auto%3B%20%20%20%20%0A%20%20%20%20height%3A%2045px%20%21important%3B%0A%20%20%20%20display%3A%20flex%3B%0A%20%20%20%20counter-reset%3A%20section%3B%0A%7D%0A%0A.leitmotif.tp-bullets%3Aafter%20%7B%0A%09content%3A%20%27%27%3B%0A%20%20%20%20border-bottom%3A%201px%20solid%20%23fff%3B%0A%20%20%20%20width%3A%20calc%28100%25%20-%2014px%29%3B%0A%20%20%20%20left%3A%206px%3B%0A%20%20%20%20display%3A%20block%3B%0A%20%20%20%20position%3A%20relative%3B%0A%7D%0A%0A.leitmotif%20.tp-bullet%20%7B%0A%20%20%09display%3A%20inline-block%3B%0A%20%20%09vertical-align%3A%20middle%3B%0A%20%20%09padding%3A%200%3B%0A%20%20%09border%3A%200%3B%0A%20%20%09background%3A%20none%3B%0A%20%20%09border-radius%3A%200%3B%0A%20%20%09outline%3A%20none%3B%0A%20%20%09-webkit-appearance%3A%20none%3B%0A%20%20%09text-align%3A%20right%3B%0A%20%20%09height%3A%20inherit%3B%0A%20%20%09z-index%3A%201%3B%0A%7D%0A%09%20%20%20%20%20%20%20%20%0A.leitmotif%20.tp-bullet%3Aafter%20%7B%0A%20%20%09position%3A%20absolute%3B%0A%20%20%09content%3A%20%27%27%3B%0A%20%20%09display%3A%20block%3B%0A%20%20%09vertical-align%3A%20middle%3B%0A%20%20%09right%3A%2050%25%3B%0A%20%09width%3A%201px%3B%0A%20%09height%3A%2012px%3B%0A%20%20%09background%3A%20%23fff%3B%0A%20%20%09bottom%3A%200%3B%0A%20%20%09transform%3A%20scaleX%281%29%3B%0A%20%20%09transform-origin%3A%20bottom%3B%0A%20%20%09transition%3A%20transform%20.2s%20ease-in%3B%0A%7D%0A%0A.leitmotif%20.tp-bullet%20span%20%7B%0A%20%20%09display%3A%20block%3B%0A%20%09color%3A%20%23fff%3B%0A%20%20%09transform%3A%20rotate%28-90deg%29%3B%0A%20%20%09margin-bottom%3A%2014px%3B%0A%7D%0A%0A.leitmotif%20.tp-bullet%3Ahover%20span%2C%0A.leitmotif%20.tp-bullet.selected%20span%20%7B%0A%20%20%20%20font-weight%3A%20bold%3B%0A%7D%0A%20%20%20%20%20%20%20%20%20%20%20%20%0A.leitmotif%20.tp-bullet%3Ahover%3Aafter%2C%0A.leitmotif%20.tp-bullet.selected%3Aafter%20%7B%0A%20%20%09transform%3A%20scaleY%281.5%29%3B%0A%7D%0A%0A.leitmotif%20.tp-bullet%20span%3Aafter%20%7B%0A%20%20%09font-size%3A%2013px%3B%0A%20%20%09font-weight%3A%20300%3B%0A%20%20%09counter-increment%3A%20section%3B%0A%20%20%09content%3A%20%270%27%20counter%28section%29%3B%0A%7D%0A%0A.leitmotif%20.tp-bullet%3Afirst-of-type%20%7B%0A%20%20%09margin-left%3A%200%3B%0A%7D%0A%0A.leitmotif%20.tp-bullet%3Alast-of-type%20%7B%0A%20%20%09margin-right%3A%200%3B%0A%7D%0A%0A.edgtf-firefox%20.leitmotif%20.tp-bullet%3Afirst-of-type%20%7B%0A%20%20%09margin-left%3A%20-1px%3B%0A%7D%0A%0A%40media%20only%20screen%20and%20%28max-width%3A%201680px%29%20%7B%0A%20%20%0A%20%20%20%20.leitmotif.tp-bullets%3Aafter%20%7B%0A%20%20%20%20%20%20%09left%3A%207px%3B%0A%20%20%20%20%7D%0A%7D%0A\");\n\t\t\t\t\tvar htmlDiv = document.getElementById('rs-plugin-settings-inline-css');\n\t\t\t\t\tif(htmlDiv) {\n\t\t\t\t\t\thtmlDiv.innerHTML = htmlDiv.innerHTML + htmlDivCss;\n\t\t\t\t\t}else{\n\t\t\t\t\t\tvar htmlDiv = document.createElement('div');\n\t\t\t\t\t\thtmlDiv.innerHTML = '<style>' + htmlDivCss + '<\/style>';\n\t\t\t\t\t\tdocument.getElementsByTagName('head')[0].appendChild(htmlDiv.childNodes[0]);\n\t\t\t\t\t}\n\t\t\t\t<\/script>\n\t\t\t\t<script>\n\t\t\t\t\tvar htmlDivCss = unescape(\"%0A%0A%0A%0A%0A%0A%0A%0A\");\n\t\t\t\t\tvar htmlDiv = document.getElementById('rs-plugin-settings-inline-css');\n\t\t\t\t\tif(htmlDiv) {\n\t\t\t\t\t\thtmlDiv.innerHTML = htmlDiv.innerHTML + htmlDivCss;\n\t\t\t\t\t}else{\n\t\t\t\t\t\tvar htmlDiv = document.createElement('div');\n\t\t\t\t\t\thtmlDiv.innerHTML = '<style>' + htmlDivCss + '<\/style>';\n\t\t\t\t\t\tdocument.getElementsByTagName('head')[0].appendChild(htmlDiv.childNodes[0]);\n\t\t\t\t\t}\n\t\t\t\t<\/script>\n\t\t\t<\/rs-module-wrap>\n\t\t\t<!-- END REVOLUTION SLIDER -->\n[vc_empty_space height=&#8221;50px&#8221;][\/vc_column][\/vc_row][vc_row][vc_column][vc_empty_space height=&#8221;70px&#8221;][vc_custom_heading text=&#8221;SOBRE O INSTITUTO QUARITER\u00ca&#8221; font_container=&#8221;tag:h1|font_size:88|text_align:center&#8221; use_theme_fonts=&#8221;yes&#8221;][vc_empty_space height=&#8221;20px&#8221;][vc_column_text css=&#8221;.vc_custom_1713463625046{padding-right: 0px !important;padding-left: 0px !important;}&#8221;]<\/p>\n<h5 style=\"text-align: center;\">O Instituto Quariter\u00ea \u00e9 formado por pessoas pretas, pardas e ind\u00edgenas que atuam como produtores e entusiastas do audiovisual do Estado de Mato Grosso, com o objetivo de discutir tem\u00e1ticas relacionadas \u00e0s quest\u00f5es raciais e suas interseccionalidades que podem agravar preconceitos, tais como g\u00eanero, sexualidade, gera\u00e7\u00e3o e classe. Nesse sentido, como fruto dessas discuss\u00f5es, o Instituto Quariter\u00ea realiza e apoia a\u00e7\u00f5es voltadas para a promo\u00e7\u00e3o da equidade de ra\u00e7as, sexualidades e g\u00eaneros no segmento audiovisual. O Instituto Quariter\u00ea pretende debater e pautar pol\u00edticas p\u00fablicas nos \u00e2mbitos municipal e estadual que se transformem em a\u00e7\u00f5es afirmativas, buscando a inser\u00e7\u00e3o dos profissionais negros, negras e ind\u00edgenas em toda a cadeia produtiva do audiovisual.<\/h5>\n<p>[\/vc_column_text][vc_empty_space height=&#8221;90px&#8221;][\/vc_column][\/vc_row][vc_row][vc_column][vc_empty_space height=&#8221;35px&#8221;]<div class=\"edgtf-section-title-holder   \" style=\"text-align: center\">\n\t<div class=\"edgtf-st-inner\">\n\t\t\t\t\t<h1 class=\"edgtf-st-title\" >\n\t\t\t\tQuariTV\t\t\t<\/h1>\n\t\t\t\t\t\t\t<\/div>\n<\/div>[vc_empty_space height=&#8221;20px&#8221;][\/vc_column][\/vc_row][vc_row][vc_column width=&#8221;1\/3&#8243;][vc_video link=&#8221;https:\/\/www.youtube.com\/watch?v=vUEeakWvXXM&#8221; css=&#8221;&#8221;][vc_empty_space height=&#8221;10px&#8221;][vc_wp_text]<\/p>\n<p class=\"style-scope ytd-watch-metadata\">BENDITA (Document\u00e1rio)<\/p>\n<p>[\/vc_wp_text]<a itemprop=\"url\" href=\"https:\/\/www.youtube.com\/watch?v=vUEeakWvXXM\" target=\"_blank\"  class=\"edgtf-btn edgtf-btn-medium edgtf-btn-box\"  >\n    <span class=\"edgtf-btn-text\">Assista Agora<\/span>\n    <\/a>[vc_empty_space height=&#8221;10px&#8221;][\/vc_column][vc_column width=&#8221;1\/3&#8243;][vc_video link=&#8221;https:\/\/www.youtube.com\/watch?v=LfAHjimhYDI&#8221;][vc_empty_space height=&#8221;10px&#8221;][vc_wp_text]<strong>A Velhice Ilumina o Vento_ Teaser 1<\/strong>[\/vc_wp_text]<a itemprop=\"url\" href=\"https:\/\/www.youtube.com\/watch?v=ncQXTjSj_oY\" target=\"_blank\"  class=\"edgtf-btn edgtf-btn-medium edgtf-btn-box\"  >\n    <span class=\"edgtf-btn-text\">Assista Agora<\/span>\n    <\/a>[vc_empty_space height=&#8221;10px&#8221;][\/vc_column][vc_column width=&#8221;1\/3&#8243;][vc_video link=&#8221;https:\/\/www.youtube.com\/watch?v=uWQboQdKHyo&#8221; css=&#8221;&#8221;][vc_empty_space height=&#8221;10px&#8221;][vc_wp_text]<\/p>\n<p class=\"style-scope ytd-watch-metadata\">Bastidores da Grava\u00e7\u00e3o do Curta Aqui Jaz a Melodia<\/p>\n<p>[\/vc_wp_text]<a itemprop=\"url\" href=\"https:\/\/www.youtube.com\/watch?v=uWQboQdKHyo\" target=\"_blank\"  class=\"edgtf-btn edgtf-btn-medium edgtf-btn-box\"  >\n    <span class=\"edgtf-btn-text\">Assista Agora<\/span>\n    <\/a>[vc_empty_space height=&#8221;10px&#8221;][\/vc_column][\/vc_row][vc_row disable_element=&#8221;yes&#8221;][vc_column][vc_empty_space height=&#8221;40px&#8221;]<div class=\"edgtf-section-title-holder   \" style=\"text-align: center\">\n\t<div class=\"edgtf-st-inner\">\n\t\t\t\t\t<h4 class=\"edgtf-st-title\" >\n\t\t\t\tReceba Novidades\t\t\t<\/h4>\n\t\t\t\t\t\t\t<\/div>\n<\/div>[vc_empty_space height=&#8221;20px&#8221;]<div class=\"edgtf-call-to-action-holder  edgtf-normal-layout  edgtf-three-quarters-columns\">\n\t<div class=\"edgtf-cta-inner \">\n\t\t<div class=\"edgtf-cta-text-holder\">\n\t\t\t<div class=\"edgtf-cta-text\">Receba em seu email as principais novidades e informa\u00e7\u00f5es do coletivo Quariter\u00ea.<\/div>\n\t\t<\/div>\n\t\t<div class=\"edgtf-cta-button-holder\" >\n\t\t\t<div class=\"edgtf-cta-button\"><a itemprop=\"url\" href=\"http:\/\/eepurl.com\/htcfM1\" target=\"_blank\"  class=\"edgtf-btn edgtf-btn-medium edgtf-btn-solid\"  >    <span class=\"edgtf-btn-text\">Assinar Newsletter<\/span>    <\/a><\/div>\n\t\t<\/div>\n\t<\/div>\n<\/div>[\/vc_column][\/vc_row]<\/p>\n<\/div>","protected":false},"excerpt":{"rendered":"<p>[vc_row css=&#8221;.vc_custom_1646804055669{margin-top: -40px !important;}&#8221;][vc_column][vc_empty_space height=&#8221;50px&#8221;][\/vc_column][\/vc_row][vc_row][vc_column][vc_empty_space height=&#8221;70px&#8221;][vc_custom_heading text=&#8221;SOBRE O INSTITUTO QUARITER\u00ca&#8221; font_container=&#8221;tag:h1|font_size:88|text_align:center&#8221; use_theme_fonts=&#8221;yes&#8221;][vc_empty_space height=&#8221;20px&#8221;][vc_column_text css=&#8221;.vc_custom_1713463625046{padding-right: 0px !important;padding-left: 0px !important;}&#8221;] O Instituto Quariter\u00ea \u00e9 formado por pessoas pretas, pardas e ind\u00edgenas que atuam como produtores e entusiastas do audiovisual do Estado de [&hellip;]<\/p>\n","protected":false},"author":1,"featured_media":0,"parent":0,"menu_order":0,"comment_status":"closed","ping_status":"closed","template":"","meta":{"footnotes":""},"class_list":["post-639","page","type-page","status-publish","hentry"],"yoast_head":"<!-- This site is optimized with the Yoast SEO plugin v26.9 - https:\/\/yoast.com\/product\/yoast-seo-wordpress\/ -->\n<title>Quaritere - Aquilombamento Audiovisual Quariter\u00ea<\/title>\n<meta name=\"description\" content=\"O Coletivo Quariter\u00ea tem a miss\u00e3o de propor, debater, influenciar e monitorar pol\u00edticas p\u00fablicas nos \u00e2mbitos municipal e estadual que convergem em a\u00e7\u00f5es afirmativas para inclus\u00e3o dos profissionais negros e negras em toda a cadeia produtiva do segmento audiovisual.\" \/>\n<meta name=\"robots\" content=\"index, follow, max-snippet:-1, max-image-preview:large, max-video-preview:-1\" \/>\n<link rel=\"canonical\" href=\"https:\/\/quaritere.com.br\/site\/\" \/>\n<meta property=\"og:locale\" content=\"pt_BR\" \/>\n<meta property=\"og:type\" content=\"article\" \/>\n<meta property=\"og:title\" content=\"Quaritere - Aquilombamento Audiovisual Quariter\u00ea\" \/>\n<meta property=\"og:description\" content=\"O Coletivo Quariter\u00ea tem a miss\u00e3o de propor, debater, influenciar e monitorar pol\u00edticas p\u00fablicas nos \u00e2mbitos municipal e estadual que convergem em a\u00e7\u00f5es afirmativas para inclus\u00e3o dos profissionais negros e negras em toda a cadeia produtiva do segmento audiovisual.\" \/>\n<meta property=\"og:url\" content=\"https:\/\/quaritere.com.br\/site\/\" \/>\n<meta property=\"og:site_name\" content=\"Aquilombamento Audiovisual Quariter\u00ea\" \/>\n<meta property=\"article:modified_time\" content=\"2026-03-13T17:48:41+00:00\" \/>\n<meta property=\"og:image\" content=\"https:\/\/quaritere.com.br\/site\/wp-content\/uploads\/2021\/03\/Logotipo-Quaritere-Site-Oficial-2021-100x.png\" \/>\n\t<meta property=\"og:image:width\" content=\"100\" \/>\n\t<meta property=\"og:image:height\" content=\"108\" \/>\n\t<meta property=\"og:image:type\" content=\"image\/png\" \/>\n<meta name=\"twitter:card\" content=\"summary_large_image\" \/>\n<meta name=\"twitter:label1\" content=\"Est. tempo de leitura\" \/>\n\t<meta name=\"twitter:data1\" content=\"2 minutos\" \/>\n<script type=\"application\/ld+json\" class=\"yoast-schema-graph\">{\"@context\":\"https:\/\/schema.org\",\"@graph\":[{\"@type\":\"WebPage\",\"@id\":\"https:\/\/quaritere.com.br\/site\/\",\"url\":\"https:\/\/quaritere.com.br\/site\/\",\"name\":\"Quaritere - Aquilombamento Audiovisual Quariter\u00ea\",\"isPartOf\":{\"@id\":\"https:\/\/quaritere.com.br\/site\/#website\"},\"datePublished\":\"2021-02-14T07:16:24+00:00\",\"dateModified\":\"2026-03-13T17:48:41+00:00\",\"description\":\"O Coletivo Quariter\u00ea tem a miss\u00e3o de propor, debater, influenciar e monitorar pol\u00edticas p\u00fablicas nos \u00e2mbitos municipal e estadual que convergem em a\u00e7\u00f5es afirmativas para inclus\u00e3o dos profissionais negros e negras em toda a cadeia produtiva do segmento audiovisual.\",\"breadcrumb\":{\"@id\":\"https:\/\/quaritere.com.br\/site\/#breadcrumb\"},\"inLanguage\":\"pt-BR\",\"potentialAction\":[{\"@type\":\"ReadAction\",\"target\":[\"https:\/\/quaritere.com.br\/site\/\"]}]},{\"@type\":\"BreadcrumbList\",\"@id\":\"https:\/\/quaritere.com.br\/site\/#breadcrumb\",\"itemListElement\":[{\"@type\":\"ListItem\",\"position\":1,\"name\":\"In\u00edcio\",\"item\":\"https:\/\/quaritere.com.br\/site\/\"},{\"@type\":\"ListItem\",\"position\":2,\"name\":\"Quaritere\"}]},{\"@type\":\"WebSite\",\"@id\":\"https:\/\/quaritere.com.br\/site\/#website\",\"url\":\"https:\/\/quaritere.com.br\/site\/\",\"name\":\"Aquilombamento Audiovisual Quariter\u00ea\",\"description\":\"Site Oficial\",\"potentialAction\":[{\"@type\":\"SearchAction\",\"target\":{\"@type\":\"EntryPoint\",\"urlTemplate\":\"https:\/\/quaritere.com.br\/site\/?s={search_term_string}\"},\"query-input\":{\"@type\":\"PropertyValueSpecification\",\"valueRequired\":true,\"valueName\":\"search_term_string\"}}],\"inLanguage\":\"pt-BR\"}]}<\/script>\n<!-- \/ Yoast SEO plugin. -->","yoast_head_json":{"title":"Quaritere - Aquilombamento Audiovisual Quariter\u00ea","description":"O Coletivo Quariter\u00ea tem a miss\u00e3o de propor, debater, influenciar e monitorar pol\u00edticas p\u00fablicas nos \u00e2mbitos municipal e estadual que convergem em a\u00e7\u00f5es afirmativas para inclus\u00e3o dos profissionais negros e negras em toda a cadeia produtiva do segmento audiovisual.","robots":{"index":"index","follow":"follow","max-snippet":"max-snippet:-1","max-image-preview":"max-image-preview:large","max-video-preview":"max-video-preview:-1"},"canonical":"https:\/\/quaritere.com.br\/site\/","og_locale":"pt_BR","og_type":"article","og_title":"Quaritere - Aquilombamento Audiovisual Quariter\u00ea","og_description":"O Coletivo Quariter\u00ea tem a miss\u00e3o de propor, debater, influenciar e monitorar pol\u00edticas p\u00fablicas nos \u00e2mbitos municipal e estadual que convergem em a\u00e7\u00f5es afirmativas para inclus\u00e3o dos profissionais negros e negras em toda a cadeia produtiva do segmento audiovisual.","og_url":"https:\/\/quaritere.com.br\/site\/","og_site_name":"Aquilombamento Audiovisual Quariter\u00ea","article_modified_time":"2026-03-13T17:48:41+00:00","og_image":[{"width":100,"height":108,"url":"https:\/\/quaritere.com.br\/site\/wp-content\/uploads\/2021\/03\/Logotipo-Quaritere-Site-Oficial-2021-100x.png","type":"image\/png"}],"twitter_card":"summary_large_image","twitter_misc":{"Est. tempo de leitura":"2 minutos"},"schema":{"@context":"https:\/\/schema.org","@graph":[{"@type":"WebPage","@id":"https:\/\/quaritere.com.br\/site\/","url":"https:\/\/quaritere.com.br\/site\/","name":"Quaritere - Aquilombamento Audiovisual Quariter\u00ea","isPartOf":{"@id":"https:\/\/quaritere.com.br\/site\/#website"},"datePublished":"2021-02-14T07:16:24+00:00","dateModified":"2026-03-13T17:48:41+00:00","description":"O Coletivo Quariter\u00ea tem a miss\u00e3o de propor, debater, influenciar e monitorar pol\u00edticas p\u00fablicas nos \u00e2mbitos municipal e estadual que convergem em a\u00e7\u00f5es afirmativas para inclus\u00e3o dos profissionais negros e negras em toda a cadeia produtiva do segmento audiovisual.","breadcrumb":{"@id":"https:\/\/quaritere.com.br\/site\/#breadcrumb"},"inLanguage":"pt-BR","potentialAction":[{"@type":"ReadAction","target":["https:\/\/quaritere.com.br\/site\/"]}]},{"@type":"BreadcrumbList","@id":"https:\/\/quaritere.com.br\/site\/#breadcrumb","itemListElement":[{"@type":"ListItem","position":1,"name":"In\u00edcio","item":"https:\/\/quaritere.com.br\/site\/"},{"@type":"ListItem","position":2,"name":"Quaritere"}]},{"@type":"WebSite","@id":"https:\/\/quaritere.com.br\/site\/#website","url":"https:\/\/quaritere.com.br\/site\/","name":"Aquilombamento Audiovisual Quariter\u00ea","description":"Site Oficial","potentialAction":[{"@type":"SearchAction","target":{"@type":"EntryPoint","urlTemplate":"https:\/\/quaritere.com.br\/site\/?s={search_term_string}"},"query-input":{"@type":"PropertyValueSpecification","valueRequired":true,"valueName":"search_term_string"}}],"inLanguage":"pt-BR"}]}},"_links":{"self":[{"href":"https:\/\/quaritere.com.br\/site\/wp-json\/wp\/v2\/pages\/639","targetHints":{"allow":["GET"]}}],"collection":[{"href":"https:\/\/quaritere.com.br\/site\/wp-json\/wp\/v2\/pages"}],"about":[{"href":"https:\/\/quaritere.com.br\/site\/wp-json\/wp\/v2\/types\/page"}],"author":[{"embeddable":true,"href":"https:\/\/quaritere.com.br\/site\/wp-json\/wp\/v2\/users\/1"}],"replies":[{"embeddable":true,"href":"https:\/\/quaritere.com.br\/site\/wp-json\/wp\/v2\/comments?post=639"}],"version-history":[{"count":146,"href":"https:\/\/quaritere.com.br\/site\/wp-json\/wp\/v2\/pages\/639\/revisions"}],"predecessor-version":[{"id":1423,"href":"https:\/\/quaritere.com.br\/site\/wp-json\/wp\/v2\/pages\/639\/revisions\/1423"}],"wp:attachment":[{"href":"https:\/\/quaritere.com.br\/site\/wp-json\/wp\/v2\/media?parent=639"}],"curies":[{"name":"wp","href":"https:\/\/api.w.org\/{rel}","templated":true}]}}