{"id":1328,"date":"2026-03-12T00:18:47","date_gmt":"2026-03-12T03:18:47","guid":{"rendered":"https:\/\/quaritere.com.br\/site\/?page_id=1328"},"modified":"2026-03-12T02:28:47","modified_gmt":"2026-03-12T05:28:47","slug":"8a-mostra-quaritere-de-cinema","status":"publish","type":"page","link":"https:\/\/quaritere.com.br\/site\/8a-mostra-quaritere-de-cinema\/","title":{"rendered":"8\u00aa MOSTRA QUARITER\u00ca DE CINEMA"},"content":{"rendered":"<div class=\"wpb-content-wrapper\"><p>[vc_row][vc_column][vc_column_text css=&#8221;&#8221;]<\/p>\n<h2><strong>PARTICIPA\u00c7\u00c3O \u00c9 GRATUITA E MOSTRA ACONTECE ENTRE OS DIAS 13 E 15 DE JULHO<\/strong><\/h2>\n<p>&nbsp;<\/p>\n<h2><b><i>A MEM\u00d3RIA COMO TECNOLOGIA DE RESIST\u00caNCIA<\/i><\/b><\/h2>\n<p>[\/vc_column_text][vc_column_text css=&#8221;&#8221;][\/vc_column_text][vc_empty_space][\/vc_column][\/vc_row][vc_row][vc_column width=&#8221;1\/2&#8243;][vc_column_text css=&#8221;&#8221;]A <strong>8\u00aa Mostra Quariter\u00ea de Cinema,<\/strong> idealizada pelo Instituto Quariter\u00ea, prop\u00f5e em 2026 uma reflex\u00e3o que tem sido um movimento do cinema brasileiro contempor\u00e2neo: lan\u00e7ar um olhar para a mem\u00f3ria como instrumento do fazer cinematogr\u00e1fico a partir do tema <b>\u201cA Mem\u00f3ria como Tecnologia de Resist\u00eancia\u201d<\/b>.<\/p>\n<p>Ao eleger a mem\u00f3ria como um dos pilares fundamentais para pensar a sociedade brasileira atual, a Mostra reconhece que recordar n\u00e3o \u00e9 apenas revisitar o passado, \u00e9 um ato pol\u00edtico. Para popula\u00e7\u00f5es ind\u00edgenas, quilombolas e comunidades tradicionais, a mem\u00f3ria \u00e9 heran\u00e7a viva, um sistema ancestral de saberes que estrutura modos de existir, resistir e reinventar o presente.<\/p>\n<p>Esses saberes se perpetuam na oralidade; na literatura; nos territ\u00f3rios; nas ru\u00ednas e nas cidades erguidas; nos sonhos; nas narrativas; e tamb\u00e9m no cinema. Recordar \u00e9 um gesto intencional de trazer \u00e0 luz acontecimentos, personagens e hist\u00f3rias historicamente invisibilizadas.<\/p>\n<p>Ao ampliar o conceito de tecnologia &#8211; compreendida n\u00e3o apenas como aparato industrial, mas como sistematiza\u00e7\u00e3o de m\u00e9todos, pr\u00e1ticas e conhecimentos -, a Mostra convida \u00e0 reflex\u00e3o sobre a mem\u00f3ria como ferramenta tecnol\u00f3gica de sobreviv\u00eancia. Os quilombos, por exemplo, constitu\u00edram sofisticadas formas de organiza\u00e7\u00e3o social, territorial, administrativa e pol\u00edtica, criadas por pessoas que fugiam do sistema escravocrata e que estabeleceram sociedades com gest\u00e3o pr\u00f3pria. Nelas, a mem\u00f3ria operava como estrat\u00e9gia, conhecimento compartilhado e tecnologia coletiva de resist\u00eancia.<\/p>\n<p>Nesse contexto, o cinema assume papel central. Fic\u00e7\u00e3o, document\u00e1rio, experimental, anima\u00e7\u00e3o, em que cada g\u00eanero carrega marcas do seu tempo, registrando sensibilidades, conflitos e transforma\u00e7\u00f5es hist\u00f3ricas. O cinema \u00e9, simultaneamente, arquivo e inven\u00e7\u00e3o de mem\u00f3ria.<\/p>\n<p>No caso do cinema mato-grossense, com produ\u00e7\u00f5es que remontam ao in\u00edcio do s\u00e9culo XX at\u00e9 os dias de hoje, observam-se narrativas e representa\u00e7\u00f5es que revelam recortes hist\u00f3ricos, sociais e culturais do territ\u00f3rio e da sociedade de Mato Grosso. Essas obras formam um patrim\u00f4nio simb\u00f3lico que dialoga com as disputas e constitui\u00e7\u00f5es de mem\u00f3rias brasileiras.<\/p>\n<p>Desse modo, a 8\u00aa Mostra Quariter\u00ea de Cinema se apresenta como um espa\u00e7o de provoca\u00e7\u00e3o: <b>Qual \u00e9 a mem\u00f3ria cinematogr\u00e1fica das pessoas racializadas no Brasil?<\/b><b><br \/>\n<\/b>E mais: como foment\u00e1-la por meio da exibi\u00e7\u00e3o, valoriza\u00e7\u00e3o e reconhecimento?[\/vc_column_text][\/vc_column][vc_column width=&#8221;1\/2&#8243;][vc_single_image image=&#8221;1387&#8243; img_size=&#8221;Large&#8221; css=&#8221;&#8221;][\/vc_column][\/vc_row][vc_row][vc_column width=&#8221;1\/2&#8243;][vc_single_image image=&#8221;1388&#8243; img_size=&#8221;Large&#8221; css=&#8221;&#8221;][\/vc_column][vc_column width=&#8221;1\/2&#8243;][vc_column_text css=&#8221;&#8221;]Mostras e festivais cumprem papel fundamental como vitrines e espa\u00e7os de forma\u00e7\u00e3o de p\u00fablico. N\u00e3o h\u00e1 filme sem tela. N\u00e3o h\u00e1 cinema sem espectador. Ao promover encontros entre obras e audi\u00eancia, a Mostra fortalece circuitos de circula\u00e7\u00e3o, amplia repert\u00f3rios e contribui para a constru\u00e7\u00e3o de uma mem\u00f3ria coletiva e plural.<\/p>\n<p>Pensar a mem\u00f3ria como tecnologia de resist\u00eancia \u00e9 compreender que lembrar n\u00e3o \u00e9 apenas um ato de evoca\u00e7\u00e3o, mas um gesto pol\u00edtico de continuidade e afirma\u00e7\u00e3o da exist\u00eancia. \u00c9 reconhecer que o ontem sustenta o hoje e projeta o amanh\u00e3. \u00c9 um fazer cinematogr\u00e1fico que se configura como ferramenta ativa na amplia\u00e7\u00e3o da consci\u00eancia cr\u00edtico-pol\u00edtica e social, na cria\u00e7\u00e3o de novos imagin\u00e1rios sobre as popula\u00e7\u00f5es racializadas brasileiras e na afirma\u00e7\u00e3o de que existem outros horizontes, atrav\u00e9s da elabora\u00e7\u00e3o do sonhar coletivo como realidade e concretude poss\u00edvel.[\/vc_column_text][\/vc_column][\/vc_row][vc_row][vc_column][vc_empty_space][\/vc_column][\/vc_row][vc_row][vc_column][vc_column_text css=&#8221;&#8221;]<\/p>\n<h3>13 a 15 de mar\u00e7o de 2026<br \/>\nPrograma\u00e7\u00e3o Gratuita<\/h3>\n<p>[\/vc_column_text][\/vc_column][\/vc_row][vc_row][vc_column width=&#8221;1\/2&#8243;][vc_empty_space][vc_custom_heading text=&#8221;PRESENCIAL&#8221; font_container=&#8221;tag:h6|text_align:left&#8221; css=&#8221;&#8221;][vc_column_text css=&#8221;&#8221;]<a href=\"https:\/\/maps.app.goo.gl\/6ueGQEMFZZU4i92RA\">MISC (Museu de Imagem e Som de Cuiab\u00e1)<\/a><br \/>\n<a href=\"https:\/\/maps.app.goo.gl\/6ueGQEMFZZU4i92RA\">Rua 7 de Setembro, 350 &#8211; Centro Norte, Cuiab\u00e1<\/a><\/p>\n<p>O espa\u00e7o conta com estrutura acess\u00edvel para pessoas com defici\u00eancia,<br \/>\nincluindo plataforma elevat\u00f3ria e banheiros adaptados.[\/vc_column_text]<div class=\"edgtf-separator-holder clearfix  edgtf-separator-center \">\n\t<div class=\"edgtf-separator\" style=\"border-color: #FFFFFF;border-style: solid;width: 100%;margin-top: 5px;margin-bottom: 5px\"><\/div>\n<\/div>\n[vc_column_text css=&#8221;&#8221;]<a href=\"https:\/\/maps.app.goo.gl\/XdGdjSkVfqz4rt6B9\">Cine Teatro Cuiab\u00e1<\/a><br \/>\n<a href=\"https:\/\/maps.app.goo.gl\/XdGdjSkVfqz4rt6B9\">Av. Pres. Get\u00falio Vargas, 247 &#8211; Centro, Cuiab\u00e1<\/a>[\/vc_column_text][\/vc_column][vc_column width=&#8221;1\/2&#8243;][vc_empty_space][vc_custom_heading text=&#8221;ONLINE&#8221; font_container=&#8221;tag:h6|text_align:left&#8221; css=&#8221;&#8221;][vc_column_text css=&#8221;&#8221;]ubuplay.com<br \/>\nquaritere.com.br[\/vc_column_text]<div class=\"edgtf-separator-holder clearfix  edgtf-separator-center \">\n\t<div class=\"edgtf-separator\" style=\"border-color: #FFFFFF;border-style: solid;width: 100%;margin-top: 5px;margin-bottom: 5px\"><\/div>\n<\/div>\n[vc_custom_heading text=&#8221;@quaritere&#8221; font_container=&#8221;tag:h4|text_align:left&#8221; css=&#8221;&#8221; link=&#8221;url:https%3A%2F%2Fwww.instagram.com%2Fquaritere%2F|title:%40quaritere&#8221;][\/vc_column][\/vc_row][vc_row][vc_column]<div class=\"edgtf-separator-holder clearfix  edgtf-separator-center \">\n\t<div class=\"edgtf-separator\" style=\"border-color: #FFFFFF;width: 100%;margin-top: 30px;margin-bottom: 5px\"><\/div>\n<\/div>\n[vc_empty_space height=&#8221;80px&#8221;][\/vc_column][\/vc_row][vc_row][vc_column]<div class=\"edgtf-tabs  edgtf-tabs-standard\">\n\t<ul class=\"edgtf-tabs-nav clearfix\">\n\t\t\t\t\t<li>\n\t\t\t\t\t\t\t\t\t<a href=\"#tab-sexta-13-03-cine-teatro\">Sexta - 13\/03 | Cine teatro<\/a>\n\t\t\t\t\t\t\t<\/li>\n\t\t\t\t\t<li>\n\t\t\t\t\t\t\t\t\t<a href=\"#tab-sabado-14-03-cine-teatro\">Sab\u00e1do - 14\/03 | Cine teatro<\/a>\n\t\t\t\t\t\t\t<\/li>\n\t\t\t\t\t<li>\n\t\t\t\t\t\t\t\t\t<a href=\"#tab-domingo-15-03-cine-teatro\">Domingo - 15\/03 | Cine teatro<\/a>\n\t\t\t\t\t\t\t<\/li>\n\t\t\t<\/ul>\n\t<div class=\"edgtf-tab-container\" id=\"tab-sexta-13-03-cine-teatro-526\">[vc_single_image image=&#8221;1383&#8243; img_size=&#8221;large&#8221; css=&#8221;&#8221;]<\/div><div class=\"edgtf-tab-container\" id=\"tab-sabado-14-03-cine-teatro-372\">[vc_single_image image=&#8221;1384&#8243; img_size=&#8221;large&#8221; css=&#8221;&#8221;]<\/div><div class=\"edgtf-tab-container\" id=\"tab-domingo-15-03-cine-teatro-505\">[vc_single_image image=&#8221;1385&#8243; img_size=&#8221;large&#8221; css=&#8221;&#8221;]<\/div><\/div>[\/vc_column][\/vc_row][vc_row][vc_column][vc_empty_space][\/vc_column][\/vc_row][vc_row][vc_column][vc_column_text css=&#8221;&#8221;]<\/p>\n<h3 style=\"text-align: center;\">Filmes selecionados<\/h3>\n<p>[\/vc_column_text][\/vc_column][\/vc_row][vc_row][vc_column width=&#8221;1\/3&#8243;][vc_gallery interval=&#8221;3&#8243; images=&#8221;1389,1390,1391&#8243; img_size=&#8221;500&#215;300&#8243; css=&#8221;&#8221; title=&#8221;Aka\u00eeut\u0129&#8221;][\/vc_column][vc_column width=&#8221;1\/3&#8243;][vc_gallery interval=&#8221;3&#8243; images=&#8221;1392,1393,1394&#8243; img_size=&#8221;500&#215;300&#8243; css=&#8221;&#8221; title=&#8221;CIDADE DOS RABISCOS&#8221;][\/vc_column][vc_column width=&#8221;1\/3&#8243;][vc_gallery interval=&#8221;3&#8243; images=&#8221;1395,1396,1397&#8243; css=&#8221;&#8221; title=&#8221;COISA DE PRETO&#8221;][\/vc_column][\/vc_row][vc_row][vc_column width=&#8221;1\/3&#8243;][vc_gallery interval=&#8221;3&#8243; images=&#8221;1398,1399,1400&#8243; img_size=&#8221;500&#215;300&#8243; css=&#8221;&#8221; title=&#8221;CORPO QUE DAN\u00c7A&#8221;][\/vc_column][vc_column width=&#8221;1\/3&#8243;][vc_gallery interval=&#8221;3&#8243; images=&#8221;1401,1402,1403&#8243; img_size=&#8221;500&#215;300&#8243; css=&#8221;&#8221; title=&#8221;DA SUA, MARIA&#8221;][\/vc_column][vc_column width=&#8221;1\/3&#8243;][vc_gallery interval=&#8221;3&#8243; images=&#8221;1404,1405,1406&#8243; css=&#8221;&#8221; title=&#8221;MIRA&#8221;][\/vc_column][\/vc_row][vc_row][vc_column width=&#8221;1\/3&#8243;][vc_gallery interval=&#8221;3&#8243; images=&#8221;1407,1408,1409&#8243; img_size=&#8221;500&#215;300&#8243; css=&#8221;&#8221; title=&#8221;Mop\u00e1i Pjuta \u00c3kakje&#8217;y&#8221;][\/vc_column][vc_column width=&#8221;1\/3&#8243;][vc_gallery interval=&#8221;3&#8243; images=&#8221;1410,1411,1412&#8243; img_size=&#8221;500&#215;300&#8243; css=&#8221;&#8221; title=&#8221;SERT\u00c3O 2138___&#8221;][\/vc_column][vc_column width=&#8221;1\/3&#8243;][vc_gallery interval=&#8221;3&#8243; images=&#8221;1413,1414,1415&#8243; css=&#8221;&#8221; title=&#8221;TALVEZ MEU PAI SEJA NEGRO&#8221;][\/vc_column][\/vc_row][vc_row][vc_column width=&#8221;1\/3&#8243;][vc_gallery interval=&#8221;3&#8243; images=&#8221;1416,1417,1418,1419&#8243; img_size=&#8221;500&#215;300&#8243; css=&#8221;&#8221; title=&#8221;TUKUM&#8221;][\/vc_column][\/vc_row]<\/p>\n<\/div>","protected":false},"excerpt":{"rendered":"<p>[vc_row][vc_column][vc_column_text css=&#8221;&#8221;] PARTICIPA\u00c7\u00c3O \u00c9 GRATUITA E MOSTRA ACONTECE ENTRE OS DIAS 13 E 15 DE JULHO &nbsp; A MEM\u00d3RIA COMO TECNOLOGIA DE RESIST\u00caNCIA [\/vc_column_text][vc_column_text css=&#8221;&#8221;][\/vc_column_text][vc_empty_space][\/vc_column][\/vc_row][vc_row][vc_column width=&#8221;1\/2&#8243;][vc_column_text css=&#8221;&#8221;]A 8\u00aa Mostra Quariter\u00ea de Cinema, idealizada pelo Instituto Quariter\u00ea, prop\u00f5e em 2026 uma [&hellip;]<\/p>\n","protected":false},"author":7,"featured_media":0,"parent":0,"menu_order":0,"comment_status":"closed","ping_status":"closed","template":"","meta":{"footnotes":""},"class_list":["post-1328","page","type-page","status-publish","hentry"],"yoast_head":"<!-- This site is optimized with the Yoast SEO plugin v26.9 - https:\/\/yoast.com\/product\/yoast-seo-wordpress\/ -->\n<title>8\u00aa MOSTRA QUARITER\u00ca DE CINEMA - Aquilombamento Audiovisual Quariter\u00ea<\/title>\n<meta name=\"robots\" content=\"index, follow, max-snippet:-1, max-image-preview:large, max-video-preview:-1\" \/>\n<link rel=\"canonical\" href=\"https:\/\/quaritere.com.br\/site\/8a-mostra-quaritere-de-cinema\/\" \/>\n<meta property=\"og:locale\" content=\"pt_BR\" \/>\n<meta property=\"og:type\" content=\"article\" \/>\n<meta property=\"og:title\" content=\"8\u00aa MOSTRA QUARITER\u00ca DE CINEMA - Aquilombamento Audiovisual Quariter\u00ea\" \/>\n<meta property=\"og:description\" content=\"[vc_row][vc_column][vc_column_text css=&#8221;&#8221;] PARTICIPA\u00c7\u00c3O \u00c9 GRATUITA E MOSTRA ACONTECE ENTRE OS DIAS 13 E 15 DE JULHO &nbsp; A MEM\u00d3RIA COMO TECNOLOGIA DE RESIST\u00caNCIA [\/vc_column_text][vc_column_text css=&#8221;&#8221;][\/vc_column_text][vc_empty_space][\/vc_column][\/vc_row][vc_row][vc_column width=&#8221;1\/2&#8243;][vc_column_text css=&#8221;&#8221;]A 8\u00aa Mostra Quariter\u00ea de Cinema, idealizada pelo Instituto Quariter\u00ea, prop\u00f5e em 2026 uma [&hellip;]\" \/>\n<meta property=\"og:url\" content=\"https:\/\/quaritere.com.br\/site\/8a-mostra-quaritere-de-cinema\/\" \/>\n<meta property=\"og:site_name\" content=\"Aquilombamento Audiovisual Quariter\u00ea\" \/>\n<meta property=\"article:modified_time\" content=\"2026-03-12T05:28:47+00:00\" \/>\n<meta name=\"twitter:card\" content=\"summary_large_image\" \/>\n<meta name=\"twitter:label1\" content=\"Est. tempo de leitura\" \/>\n\t<meta name=\"twitter:data1\" content=\"5 minutos\" \/>\n<script type=\"application\/ld+json\" class=\"yoast-schema-graph\">{\"@context\":\"https:\/\/schema.org\",\"@graph\":[{\"@type\":\"WebPage\",\"@id\":\"https:\/\/quaritere.com.br\/site\/8a-mostra-quaritere-de-cinema\/\",\"url\":\"https:\/\/quaritere.com.br\/site\/8a-mostra-quaritere-de-cinema\/\",\"name\":\"8\u00aa MOSTRA QUARITER\u00ca DE CINEMA - Aquilombamento Audiovisual Quariter\u00ea\",\"isPartOf\":{\"@id\":\"https:\/\/quaritere.com.br\/site\/#website\"},\"datePublished\":\"2026-03-12T03:18:47+00:00\",\"dateModified\":\"2026-03-12T05:28:47+00:00\",\"breadcrumb\":{\"@id\":\"https:\/\/quaritere.com.br\/site\/8a-mostra-quaritere-de-cinema\/#breadcrumb\"},\"inLanguage\":\"pt-BR\",\"potentialAction\":[{\"@type\":\"ReadAction\",\"target\":[\"https:\/\/quaritere.com.br\/site\/8a-mostra-quaritere-de-cinema\/\"]}]},{\"@type\":\"BreadcrumbList\",\"@id\":\"https:\/\/quaritere.com.br\/site\/8a-mostra-quaritere-de-cinema\/#breadcrumb\",\"itemListElement\":[{\"@type\":\"ListItem\",\"position\":1,\"name\":\"In\u00edcio\",\"item\":\"https:\/\/quaritere.com.br\/site\/\"},{\"@type\":\"ListItem\",\"position\":2,\"name\":\"8\u00aa MOSTRA QUARITER\u00ca DE CINEMA\"}]},{\"@type\":\"WebSite\",\"@id\":\"https:\/\/quaritere.com.br\/site\/#website\",\"url\":\"https:\/\/quaritere.com.br\/site\/\",\"name\":\"Aquilombamento Audiovisual Quariter\u00ea\",\"description\":\"Site Oficial\",\"potentialAction\":[{\"@type\":\"SearchAction\",\"target\":{\"@type\":\"EntryPoint\",\"urlTemplate\":\"https:\/\/quaritere.com.br\/site\/?s={search_term_string}\"},\"query-input\":{\"@type\":\"PropertyValueSpecification\",\"valueRequired\":true,\"valueName\":\"search_term_string\"}}],\"inLanguage\":\"pt-BR\"}]}<\/script>\n<!-- \/ Yoast SEO plugin. -->","yoast_head_json":{"title":"8\u00aa MOSTRA QUARITER\u00ca DE CINEMA - Aquilombamento Audiovisual Quariter\u00ea","robots":{"index":"index","follow":"follow","max-snippet":"max-snippet:-1","max-image-preview":"max-image-preview:large","max-video-preview":"max-video-preview:-1"},"canonical":"https:\/\/quaritere.com.br\/site\/8a-mostra-quaritere-de-cinema\/","og_locale":"pt_BR","og_type":"article","og_title":"8\u00aa MOSTRA QUARITER\u00ca DE CINEMA - Aquilombamento Audiovisual Quariter\u00ea","og_description":"[vc_row][vc_column][vc_column_text css=&#8221;&#8221;] PARTICIPA\u00c7\u00c3O \u00c9 GRATUITA E MOSTRA ACONTECE ENTRE OS DIAS 13 E 15 DE JULHO &nbsp; A MEM\u00d3RIA COMO TECNOLOGIA DE RESIST\u00caNCIA [\/vc_column_text][vc_column_text css=&#8221;&#8221;][\/vc_column_text][vc_empty_space][\/vc_column][\/vc_row][vc_row][vc_column width=&#8221;1\/2&#8243;][vc_column_text css=&#8221;&#8221;]A 8\u00aa Mostra Quariter\u00ea de Cinema, idealizada pelo Instituto Quariter\u00ea, prop\u00f5e em 2026 uma [&hellip;]","og_url":"https:\/\/quaritere.com.br\/site\/8a-mostra-quaritere-de-cinema\/","og_site_name":"Aquilombamento Audiovisual Quariter\u00ea","article_modified_time":"2026-03-12T05:28:47+00:00","twitter_card":"summary_large_image","twitter_misc":{"Est. tempo de leitura":"5 minutos"},"schema":{"@context":"https:\/\/schema.org","@graph":[{"@type":"WebPage","@id":"https:\/\/quaritere.com.br\/site\/8a-mostra-quaritere-de-cinema\/","url":"https:\/\/quaritere.com.br\/site\/8a-mostra-quaritere-de-cinema\/","name":"8\u00aa MOSTRA QUARITER\u00ca DE CINEMA - Aquilombamento Audiovisual Quariter\u00ea","isPartOf":{"@id":"https:\/\/quaritere.com.br\/site\/#website"},"datePublished":"2026-03-12T03:18:47+00:00","dateModified":"2026-03-12T05:28:47+00:00","breadcrumb":{"@id":"https:\/\/quaritere.com.br\/site\/8a-mostra-quaritere-de-cinema\/#breadcrumb"},"inLanguage":"pt-BR","potentialAction":[{"@type":"ReadAction","target":["https:\/\/quaritere.com.br\/site\/8a-mostra-quaritere-de-cinema\/"]}]},{"@type":"BreadcrumbList","@id":"https:\/\/quaritere.com.br\/site\/8a-mostra-quaritere-de-cinema\/#breadcrumb","itemListElement":[{"@type":"ListItem","position":1,"name":"In\u00edcio","item":"https:\/\/quaritere.com.br\/site\/"},{"@type":"ListItem","position":2,"name":"8\u00aa MOSTRA QUARITER\u00ca DE CINEMA"}]},{"@type":"WebSite","@id":"https:\/\/quaritere.com.br\/site\/#website","url":"https:\/\/quaritere.com.br\/site\/","name":"Aquilombamento Audiovisual Quariter\u00ea","description":"Site Oficial","potentialAction":[{"@type":"SearchAction","target":{"@type":"EntryPoint","urlTemplate":"https:\/\/quaritere.com.br\/site\/?s={search_term_string}"},"query-input":{"@type":"PropertyValueSpecification","valueRequired":true,"valueName":"search_term_string"}}],"inLanguage":"pt-BR"}]}},"_links":{"self":[{"href":"https:\/\/quaritere.com.br\/site\/wp-json\/wp\/v2\/pages\/1328","targetHints":{"allow":["GET"]}}],"collection":[{"href":"https:\/\/quaritere.com.br\/site\/wp-json\/wp\/v2\/pages"}],"about":[{"href":"https:\/\/quaritere.com.br\/site\/wp-json\/wp\/v2\/types\/page"}],"author":[{"embeddable":true,"href":"https:\/\/quaritere.com.br\/site\/wp-json\/wp\/v2\/users\/7"}],"replies":[{"embeddable":true,"href":"https:\/\/quaritere.com.br\/site\/wp-json\/wp\/v2\/comments?post=1328"}],"version-history":[{"count":45,"href":"https:\/\/quaritere.com.br\/site\/wp-json\/wp\/v2\/pages\/1328\/revisions"}],"predecessor-version":[{"id":1382,"href":"https:\/\/quaritere.com.br\/site\/wp-json\/wp\/v2\/pages\/1328\/revisions\/1382"}],"wp:attachment":[{"href":"https:\/\/quaritere.com.br\/site\/wp-json\/wp\/v2\/media?parent=1328"}],"curies":[{"name":"wp","href":"https:\/\/api.w.org\/{rel}","templated":true}]}}